{"id":19022,"date":"2026-01-05T16:45:18","date_gmt":"2026-01-05T15:45:18","guid":{"rendered":"https:\/\/www.fami2030.gov.pt\/aviso-2024\/capacitacao-da-rede-nacional-de-acolhimento-de-requerentes-e-beneficiarios-de-protecao-internacional\/"},"modified":"2026-01-06T16:04:51","modified_gmt":"2026-01-06T15:04:51","slug":"capacitacao-da-rede-nacional-de-acolhimento-de-requerentes-e-beneficiarios-de-protecao-internacional","status":"publish","type":"aviso-2024","link":"https:\/\/www.fami2030.gov.pt\/en\/aviso-2024\/capacitacao-da-rede-nacional-de-acolhimento-de-requerentes-e-beneficiarios-de-protecao-internacional\/","title":{"rendered":"Capacitar os recursos humanos e volunt\u00e1rios diretamente envolvidos no processo de rece\u00e7\u00e3o, acolhimento e apoio \u00e0 integra\u00e7\u00e3o de requerentes e benefici\u00e1rios de prote\u00e7\u00e3o internacional"},"featured_media":0,"template":"","class_list":["post-19022","aviso-2024","type-aviso-2024","status-publish","hentry"],"acf":{"id":"7651","codigo":"FA0943\/2024","objectivo":["HSO9.1 - Asilo"],"beneficiario":["Privada","P\u00fablica"],"natureza":"Concurso","nuts":["Alentejo","Algarve","AML","Centro","Norte","RAA","RAM"],"programa":["FAMI 2030"],"modalidade":["Individual","Parceria"],"prioridade":["NA - N\u00e3o Aplic\u00e1vel"],"tipologia_acao":["HSO9.1-01 - Acervo da Uni\u00e3o e prioridades relacionadas com o SECA"],"tipologia_intervencao":["HSO9.1-01-02 - Conhecimento sobre os v\u00e1rios aspetos do SECA"],"tipologia_operacao":[],"quadrimestre":"Q1","data_inicio":"20260202","data_fim":"20260106","fundo":["FAMI"],"df":500000,"d_acores":"","d_algarve":"","d_alentejo":"","d_centro":"","d_compete":"","d_fami":500000,"d_lisboa":"","d_madeira":"","d_mar":"","d_norte":"","d_sustentavel":"","d_pat":"","d_pessoas":"","comparticipacao":0.75,"pdf":19086},"yoast_head":"<!-- This site is optimized with the Yoast SEO plugin v27.4 - https:\/\/yoast.com\/product\/yoast-seo-wordpress\/ -->\n<title>Capacitar os recursos humanos e volunt\u00e1rios diretamente envolvidos no processo de rece\u00e7\u00e3o, acolhimento e apoio \u00e0 integra\u00e7\u00e3o de requerentes e benefici\u00e1rios de prote\u00e7\u00e3o internacional - Programa FAMI \u2013 Fundo para o Asilo, a Migra\u00e7\u00e3o e a Integra\u00e7\u00e3o<\/title>\n<meta name=\"robots\" content=\"index, follow, max-snippet:-1, max-image-preview:large, max-video-preview:-1\" \/>\n<link rel=\"canonical\" href=\"https:\/\/www.fami2030.gov.pt\/aviso-2024\/capacitacao-da-rede-nacional-de-acolhimento-de-requerentes-e-beneficiarios-de-protecao-internacional\/\" \/>\n<meta property=\"og:locale\" content=\"en_US\" \/>\n<meta property=\"og:type\" content=\"article\" \/>\n<meta property=\"og:title\" content=\"Capacitar os recursos humanos e volunt\u00e1rios diretamente envolvidos no processo de rece\u00e7\u00e3o, acolhimento e apoio \u00e0 integra\u00e7\u00e3o de requerentes e benefici\u00e1rios de prote\u00e7\u00e3o internacional - Programa FAMI \u2013 Fundo para o Asilo, a Migra\u00e7\u00e3o e a Integra\u00e7\u00e3o\" \/>\n<meta property=\"og:url\" content=\"https:\/\/www.fami2030.gov.pt\/aviso-2024\/capacitacao-da-rede-nacional-de-acolhimento-de-requerentes-e-beneficiarios-de-protecao-internacional\/\" \/>\n<meta property=\"og:site_name\" content=\"Programa FAMI \u2013 Fundo para o Asilo, a Migra\u00e7\u00e3o e a Integra\u00e7\u00e3o\" \/>\n<meta property=\"article:modified_time\" content=\"2026-01-06T15:04:51+00:00\" \/>\n<meta name=\"twitter:card\" content=\"summary_large_image\" \/>\n<script type=\"application\/ld+json\" class=\"yoast-schema-graph\">{\"@context\":\"https:\\\/\\\/schema.org\",\"@graph\":[{\"@type\":\"WebPage\",\"@id\":\"https:\\\/\\\/www.fami2030.gov.pt\\\/aviso-2024\\\/capacitacao-da-rede-nacional-de-acolhimento-de-requerentes-e-beneficiarios-de-protecao-internacional\\\/\",\"url\":\"https:\\\/\\\/www.fami2030.gov.pt\\\/aviso-2024\\\/capacitacao-da-rede-nacional-de-acolhimento-de-requerentes-e-beneficiarios-de-protecao-internacional\\\/\",\"name\":\"Capacitar os recursos humanos e volunt\u00e1rios diretamente envolvidos no processo de rece\u00e7\u00e3o, acolhimento e apoio \u00e0 integra\u00e7\u00e3o de requerentes e benefici\u00e1rios de prote\u00e7\u00e3o internacional - Programa FAMI \u2013 Fundo para o Asilo, a Migra\u00e7\u00e3o e a Integra\u00e7\u00e3o\",\"isPartOf\":{\"@id\":\"https:\\\/\\\/www.fami2030.gov.pt\\\/#website\"},\"datePublished\":\"2026-01-05T15:45:18+00:00\",\"dateModified\":\"2026-01-06T15:04:51+00:00\",\"breadcrumb\":{\"@id\":\"https:\\\/\\\/www.fami2030.gov.pt\\\/aviso-2024\\\/capacitacao-da-rede-nacional-de-acolhimento-de-requerentes-e-beneficiarios-de-protecao-internacional\\\/#breadcrumb\"},\"inLanguage\":\"en-US\",\"potentialAction\":[{\"@type\":\"ReadAction\",\"target\":[\"https:\\\/\\\/www.fami2030.gov.pt\\\/aviso-2024\\\/capacitacao-da-rede-nacional-de-acolhimento-de-requerentes-e-beneficiarios-de-protecao-internacional\\\/\"]}]},{\"@type\":\"BreadcrumbList\",\"@id\":\"https:\\\/\\\/www.fami2030.gov.pt\\\/aviso-2024\\\/capacitacao-da-rede-nacional-de-acolhimento-de-requerentes-e-beneficiarios-de-protecao-internacional\\\/#breadcrumb\",\"itemListElement\":[{\"@type\":\"ListItem\",\"position\":1,\"name\":\"In\u00edcio\",\"item\":\"https:\\\/\\\/www.fami2030.gov.pt\\\/en\\\/\"},{\"@type\":\"ListItem\",\"position\":2,\"name\":\"Capacitar os recursos humanos e volunt\u00e1rios diretamente envolvidos no processo de rece\u00e7\u00e3o, acolhimento e apoio \u00e0 integra\u00e7\u00e3o de requerentes e benefici\u00e1rios de prote\u00e7\u00e3o internacional\"}]},{\"@type\":\"WebSite\",\"@id\":\"https:\\\/\\\/www.fami2030.gov.pt\\\/#website\",\"url\":\"https:\\\/\\\/www.fami2030.gov.pt\\\/\",\"name\":\"Programa FAMI \u2013 Fundo para o Asilo, a Migra\u00e7\u00e3o e a Integra\u00e7\u00e3o\",\"description\":\"\",\"potentialAction\":[{\"@type\":\"SearchAction\",\"target\":{\"@type\":\"EntryPoint\",\"urlTemplate\":\"https:\\\/\\\/www.fami2030.gov.pt\\\/?s={search_term_string}\"},\"query-input\":{\"@type\":\"PropertyValueSpecification\",\"valueRequired\":true,\"valueName\":\"search_term_string\"}}],\"inLanguage\":\"en-US\"}]}<\/script>\n<!-- \/ Yoast SEO plugin. -->","yoast_head_json":{"title":"Capacitar os recursos humanos e volunt\u00e1rios diretamente envolvidos no processo de rece\u00e7\u00e3o, acolhimento e apoio \u00e0 integra\u00e7\u00e3o de requerentes e benefici\u00e1rios de prote\u00e7\u00e3o internacional - Programa FAMI \u2013 Fundo para o Asilo, a Migra\u00e7\u00e3o e a Integra\u00e7\u00e3o","robots":{"index":"index","follow":"follow","max-snippet":"max-snippet:-1","max-image-preview":"max-image-preview:large","max-video-preview":"max-video-preview:-1"},"canonical":"https:\/\/www.fami2030.gov.pt\/aviso-2024\/capacitacao-da-rede-nacional-de-acolhimento-de-requerentes-e-beneficiarios-de-protecao-internacional\/","og_locale":"en_US","og_type":"article","og_title":"Capacitar os recursos humanos e volunt\u00e1rios diretamente envolvidos no processo de rece\u00e7\u00e3o, acolhimento e apoio \u00e0 integra\u00e7\u00e3o de requerentes e benefici\u00e1rios de prote\u00e7\u00e3o internacional - Programa FAMI \u2013 Fundo para o Asilo, a Migra\u00e7\u00e3o e a Integra\u00e7\u00e3o","og_url":"https:\/\/www.fami2030.gov.pt\/aviso-2024\/capacitacao-da-rede-nacional-de-acolhimento-de-requerentes-e-beneficiarios-de-protecao-internacional\/","og_site_name":"Programa FAMI \u2013 Fundo para o Asilo, a Migra\u00e7\u00e3o e a Integra\u00e7\u00e3o","article_modified_time":"2026-01-06T15:04:51+00:00","twitter_card":"summary_large_image","schema":{"@context":"https:\/\/schema.org","@graph":[{"@type":"WebPage","@id":"https:\/\/www.fami2030.gov.pt\/aviso-2024\/capacitacao-da-rede-nacional-de-acolhimento-de-requerentes-e-beneficiarios-de-protecao-internacional\/","url":"https:\/\/www.fami2030.gov.pt\/aviso-2024\/capacitacao-da-rede-nacional-de-acolhimento-de-requerentes-e-beneficiarios-de-protecao-internacional\/","name":"Capacitar os recursos humanos e volunt\u00e1rios diretamente envolvidos no processo de rece\u00e7\u00e3o, acolhimento e apoio \u00e0 integra\u00e7\u00e3o de requerentes e benefici\u00e1rios de prote\u00e7\u00e3o internacional - Programa FAMI \u2013 Fundo para o Asilo, a Migra\u00e7\u00e3o e a Integra\u00e7\u00e3o","isPartOf":{"@id":"https:\/\/www.fami2030.gov.pt\/#website"},"datePublished":"2026-01-05T15:45:18+00:00","dateModified":"2026-01-06T15:04:51+00:00","breadcrumb":{"@id":"https:\/\/www.fami2030.gov.pt\/aviso-2024\/capacitacao-da-rede-nacional-de-acolhimento-de-requerentes-e-beneficiarios-de-protecao-internacional\/#breadcrumb"},"inLanguage":"en-US","potentialAction":[{"@type":"ReadAction","target":["https:\/\/www.fami2030.gov.pt\/aviso-2024\/capacitacao-da-rede-nacional-de-acolhimento-de-requerentes-e-beneficiarios-de-protecao-internacional\/"]}]},{"@type":"BreadcrumbList","@id":"https:\/\/www.fami2030.gov.pt\/aviso-2024\/capacitacao-da-rede-nacional-de-acolhimento-de-requerentes-e-beneficiarios-de-protecao-internacional\/#breadcrumb","itemListElement":[{"@type":"ListItem","position":1,"name":"In\u00edcio","item":"https:\/\/www.fami2030.gov.pt\/en\/"},{"@type":"ListItem","position":2,"name":"Capacitar os recursos humanos e volunt\u00e1rios diretamente envolvidos no processo de rece\u00e7\u00e3o, acolhimento e apoio \u00e0 integra\u00e7\u00e3o de requerentes e benefici\u00e1rios de prote\u00e7\u00e3o internacional"}]},{"@type":"WebSite","@id":"https:\/\/www.fami2030.gov.pt\/#website","url":"https:\/\/www.fami2030.gov.pt\/","name":"Programa FAMI \u2013 Fundo para o Asilo, a Migra\u00e7\u00e3o e a Integra\u00e7\u00e3o","description":"","potentialAction":[{"@type":"SearchAction","target":{"@type":"EntryPoint","urlTemplate":"https:\/\/www.fami2030.gov.pt\/?s={search_term_string}"},"query-input":{"@type":"PropertyValueSpecification","valueRequired":true,"valueName":"search_term_string"}}],"inLanguage":"en-US"}]}},"_links":{"self":[{"href":"https:\/\/www.fami2030.gov.pt\/en\/wp-json\/wp\/v2\/aviso-2024\/19022","targetHints":{"allow":["GET"]}}],"collection":[{"href":"https:\/\/www.fami2030.gov.pt\/en\/wp-json\/wp\/v2\/aviso-2024"}],"about":[{"href":"https:\/\/www.fami2030.gov.pt\/en\/wp-json\/wp\/v2\/types\/aviso-2024"}],"wp:attachment":[{"href":"https:\/\/www.fami2030.gov.pt\/en\/wp-json\/wp\/v2\/media?parent=19022"}],"curies":[{"name":"wp","href":"https:\/\/api.w.org\/{rel}","templated":true}]}}

Capacitar os recursos humanos e voluntários diretamente envolvidos no processo de receção, acolhimento e apoio à integração de requerentes e beneficiários de proteção internacional

Pública

NA - Não Aplicável

HSO9.1-01 - Acervo da União e prioridades relacionadas com o SECA

HSO9.1-01-02 - Conhecimento sobre os vários aspetos do SECA

<!-- This site is optimized with the Yoast SEO plugin v27.4 - https://yoast.com/product/yoast-seo-wordpress/ -->
<title>Capacitar os recursos humanos e voluntários diretamente envolvidos no processo de receção, acolhimento e apoio à integração de requerentes e beneficiários de proteção internacional - Programa FAMI – Fundo para o Asilo, a Migração e a Integração</title>
<meta name="robots" content="index, follow, max-snippet:-1, max-image-preview:large, max-video-preview:-1" />
<link rel="canonical" href="https://www.fami2030.gov.pt/aviso-2024/capacitacao-da-rede-nacional-de-acolhimento-de-requerentes-e-beneficiarios-de-protecao-internacional/" />
<meta property="og:locale" content="en_US" />
<meta property="og:type" content="article" />
<meta property="og:title" content="Capacitar os recursos humanos e voluntários diretamente envolvidos no processo de receção, acolhimento e apoio à integração de requerentes e beneficiários de proteção internacional - Programa FAMI – Fundo para o Asilo, a Migração e a Integração" />
<meta property="og:url" content="https://www.fami2030.gov.pt/aviso-2024/capacitacao-da-rede-nacional-de-acolhimento-de-requerentes-e-beneficiarios-de-protecao-internacional/" />
<meta property="og:site_name" content="Programa FAMI – Fundo para o Asilo, a Migração e a Integração" />
<meta property="article:modified_time" content="2026-01-06T15:04:51+00:00" />
<meta name="twitter:card" content="summary_large_image" />
<script type="application/ld+json" class="yoast-schema-graph">{"@context":"https:\/\/schema.org","@graph":[{"@type":"WebPage","@id":"https:\/\/www.fami2030.gov.pt\/aviso-2024\/capacitacao-da-rede-nacional-de-acolhimento-de-requerentes-e-beneficiarios-de-protecao-internacional\/","url":"https:\/\/www.fami2030.gov.pt\/aviso-2024\/capacitacao-da-rede-nacional-de-acolhimento-de-requerentes-e-beneficiarios-de-protecao-internacional\/","name":"Capacitar os recursos humanos e voluntários diretamente envolvidos no processo de receção, acolhimento e apoio à integração de requerentes e beneficiários de proteção internacional - Programa FAMI – Fundo para o Asilo, a Migração e a Integração","isPartOf":{"@id":"https:\/\/www.fami2030.gov.pt\/#website"},"datePublished":"2026-01-05T15:45:18+00:00","dateModified":"2026-01-06T15:04:51+00:00","breadcrumb":{"@id":"https:\/\/www.fami2030.gov.pt\/aviso-2024\/capacitacao-da-rede-nacional-de-acolhimento-de-requerentes-e-beneficiarios-de-protecao-internacional\/#breadcrumb"},"inLanguage":"en-US","potentialAction":[{"@type":"ReadAction","target":["https:\/\/www.fami2030.gov.pt\/aviso-2024\/capacitacao-da-rede-nacional-de-acolhimento-de-requerentes-e-beneficiarios-de-protecao-internacional\/"]}]},{"@type":"BreadcrumbList","@id":"https:\/\/www.fami2030.gov.pt\/aviso-2024\/capacitacao-da-rede-nacional-de-acolhimento-de-requerentes-e-beneficiarios-de-protecao-internacional\/#breadcrumb","itemListElement":[{"@type":"ListItem","position":1,"name":"Início","item":"https:\/\/www.fami2030.gov.pt\/en\/"},{"@type":"ListItem","position":2,"name":"Capacitar os recursos humanos e voluntários diretamente envolvidos no processo de receção, acolhimento e apoio à integração de requerentes e beneficiários de proteção internacional"}]},{"@type":"WebSite","@id":"https:\/\/www.fami2030.gov.pt\/#website","url":"https:\/\/www.fami2030.gov.pt\/","name":"Programa FAMI – Fundo para o Asilo, a Migração e a Integração","description":"","potentialAction":[{"@type":"SearchAction","target":{"@type":"EntryPoint","urlTemplate":"https:\/\/www.fami2030.gov.pt\/?s={search_term_string}"},"query-input":{"@type":"PropertyValueSpecification","valueRequired":true,"valueName":"search_term_string"}}],"inLanguage":"en-US"}]}</script>
<!-- / Yoast SEO plugin. -->

Capacitar os recursos humanos e voluntários diretamente envolvidos no processo de receção, acolhimento e apoio à integração de requerentes e beneficiários de proteção internacional - Programa FAMI – Fundo para o Asilo, a Migração e a Integração

Programa FAMI – Fundo para o Asilo, a Migração e a Integração

Início
