{"id":19024,"date":"2026-01-05T16:45:18","date_gmt":"2026-01-05T15:45:18","guid":{"rendered":"https:\/\/www.fami2030.gov.pt\/aviso-2024\/funcionamento-de-cit-multifuncoes-e-espacos-equiparados\/"},"modified":"2026-01-05T16:45:18","modified_gmt":"2026-01-05T15:45:18","slug":"funcionamento-de-cit-multifuncoes-e-espacos-equiparados","status":"publish","type":"aviso-2024","link":"https:\/\/www.fami2030.gov.pt\/en\/aviso-2024\/funcionamento-de-cit-multifuncoes-e-espacos-equiparados\/","title":{"rendered":"Funcionamento de CIT multifun\u00e7\u00f5es e espa\u00e7os equiparados"},"featured_media":0,"template":"","class_list":["post-19024","aviso-2024","type-aviso-2024","status-publish","hentry"],"acf":{"id":"7783","codigo":"FA0319\/2025","objectivo":["HSO9.3 - Voltar"],"beneficiario":["P\u00fablica"],"natureza":"Convite","nuts":["Alentejo|Algarve|AML|Centro|Norte|RAA|RAM"],"programa":["FAMI2030"],"modalidade":["Individual"],"prioridade":["NA - N\u00e3o Aplic\u00e1vel"],"tipologia_acao":["HSO9.3-01 - Acervo da Uni\u00e3o e prioridades relacionadas com infraestruturas","procedimentos e servi\u00e7os"],"tipologia_intervencao":["HSO9.3-01-02 - Funcionamento e assist\u00eancia dos novos CIT e CIT\/EE"],"tipologia_operacao":["9044 - Funcionamento e log\u00edstica nos novos CIT e CIT\/EE"],"quadrimestre":"janeiro a abril 2026","data_inicio":"20260101","data_fim":"27\/02\/2026","fundo":["FAMI"],"df":3008763.27,"d_acores":"","d_algarve":"","d_alentejo":"","d_centro":"","d_compete":"","d_fami":3008763.27,"d_lisboa":"","d_madeira":"","d_mar":"","d_norte":"","d_sustentavel":"","d_pat":"","d_pessoas":"","comparticipacao":"","pdf":19025},"yoast_head":"<!-- This site is optimized with the Yoast SEO plugin v27.4 - https:\/\/yoast.com\/product\/yoast-seo-wordpress\/ -->\n<title>Funcionamento de CIT multifun\u00e7\u00f5es e espa\u00e7os equiparados - Programa FAMI \u2013 Fundo para o Asilo, a Migra\u00e7\u00e3o e a Integra\u00e7\u00e3o<\/title>\n<meta name=\"robots\" content=\"index, follow, max-snippet:-1, max-image-preview:large, max-video-preview:-1\" \/>\n<link rel=\"canonical\" href=\"https:\/\/www.fami2030.gov.pt\/aviso-2024\/funcionamento-de-cit-multifuncoes-e-espacos-equiparados\/\" \/>\n<meta property=\"og:locale\" content=\"en_US\" \/>\n<meta property=\"og:type\" content=\"article\" \/>\n<meta property=\"og:title\" content=\"Funcionamento de CIT multifun\u00e7\u00f5es e espa\u00e7os equiparados - Programa FAMI \u2013 Fundo para o Asilo, a Migra\u00e7\u00e3o e a Integra\u00e7\u00e3o\" \/>\n<meta property=\"og:url\" content=\"https:\/\/www.fami2030.gov.pt\/aviso-2024\/funcionamento-de-cit-multifuncoes-e-espacos-equiparados\/\" \/>\n<meta property=\"og:site_name\" content=\"Programa FAMI \u2013 Fundo para o Asilo, a Migra\u00e7\u00e3o e a Integra\u00e7\u00e3o\" \/>\n<meta name=\"twitter:card\" content=\"summary_large_image\" \/>\n<script type=\"application\/ld+json\" class=\"yoast-schema-graph\">{\"@context\":\"https:\\\/\\\/schema.org\",\"@graph\":[{\"@type\":\"WebPage\",\"@id\":\"https:\\\/\\\/www.fami2030.gov.pt\\\/aviso-2024\\\/funcionamento-de-cit-multifuncoes-e-espacos-equiparados\\\/\",\"url\":\"https:\\\/\\\/www.fami2030.gov.pt\\\/aviso-2024\\\/funcionamento-de-cit-multifuncoes-e-espacos-equiparados\\\/\",\"name\":\"Funcionamento de CIT multifun\u00e7\u00f5es e espa\u00e7os equiparados - Programa FAMI \u2013 Fundo para o Asilo, a Migra\u00e7\u00e3o e a Integra\u00e7\u00e3o\",\"isPartOf\":{\"@id\":\"https:\\\/\\\/www.fami2030.gov.pt\\\/#website\"},\"datePublished\":\"2026-01-05T15:45:18+00:00\",\"breadcrumb\":{\"@id\":\"https:\\\/\\\/www.fami2030.gov.pt\\\/aviso-2024\\\/funcionamento-de-cit-multifuncoes-e-espacos-equiparados\\\/#breadcrumb\"},\"inLanguage\":\"en-US\",\"potentialAction\":[{\"@type\":\"ReadAction\",\"target\":[\"https:\\\/\\\/www.fami2030.gov.pt\\\/aviso-2024\\\/funcionamento-de-cit-multifuncoes-e-espacos-equiparados\\\/\"]}]},{\"@type\":\"BreadcrumbList\",\"@id\":\"https:\\\/\\\/www.fami2030.gov.pt\\\/aviso-2024\\\/funcionamento-de-cit-multifuncoes-e-espacos-equiparados\\\/#breadcrumb\",\"itemListElement\":[{\"@type\":\"ListItem\",\"position\":1,\"name\":\"In\u00edcio\",\"item\":\"https:\\\/\\\/www.fami2030.gov.pt\\\/en\\\/\"},{\"@type\":\"ListItem\",\"position\":2,\"name\":\"Funcionamento de CIT multifun\u00e7\u00f5es e espa\u00e7os equiparados\"}]},{\"@type\":\"WebSite\",\"@id\":\"https:\\\/\\\/www.fami2030.gov.pt\\\/#website\",\"url\":\"https:\\\/\\\/www.fami2030.gov.pt\\\/\",\"name\":\"Programa FAMI \u2013 Fundo para o Asilo, a Migra\u00e7\u00e3o e a Integra\u00e7\u00e3o\",\"description\":\"\",\"potentialAction\":[{\"@type\":\"SearchAction\",\"target\":{\"@type\":\"EntryPoint\",\"urlTemplate\":\"https:\\\/\\\/www.fami2030.gov.pt\\\/?s={search_term_string}\"},\"query-input\":{\"@type\":\"PropertyValueSpecification\",\"valueRequired\":true,\"valueName\":\"search_term_string\"}}],\"inLanguage\":\"en-US\"}]}<\/script>\n<!-- \/ Yoast SEO plugin. -->","yoast_head_json":{"title":"Funcionamento de CIT multifun\u00e7\u00f5es e espa\u00e7os equiparados - Programa FAMI \u2013 Fundo para o Asilo, a Migra\u00e7\u00e3o e a Integra\u00e7\u00e3o","robots":{"index":"index","follow":"follow","max-snippet":"max-snippet:-1","max-image-preview":"max-image-preview:large","max-video-preview":"max-video-preview:-1"},"canonical":"https:\/\/www.fami2030.gov.pt\/aviso-2024\/funcionamento-de-cit-multifuncoes-e-espacos-equiparados\/","og_locale":"en_US","og_type":"article","og_title":"Funcionamento de CIT multifun\u00e7\u00f5es e espa\u00e7os equiparados - Programa FAMI \u2013 Fundo para o Asilo, a Migra\u00e7\u00e3o e a Integra\u00e7\u00e3o","og_url":"https:\/\/www.fami2030.gov.pt\/aviso-2024\/funcionamento-de-cit-multifuncoes-e-espacos-equiparados\/","og_site_name":"Programa FAMI \u2013 Fundo para o Asilo, a Migra\u00e7\u00e3o e a Integra\u00e7\u00e3o","twitter_card":"summary_large_image","schema":{"@context":"https:\/\/schema.org","@graph":[{"@type":"WebPage","@id":"https:\/\/www.fami2030.gov.pt\/aviso-2024\/funcionamento-de-cit-multifuncoes-e-espacos-equiparados\/","url":"https:\/\/www.fami2030.gov.pt\/aviso-2024\/funcionamento-de-cit-multifuncoes-e-espacos-equiparados\/","name":"Funcionamento de CIT multifun\u00e7\u00f5es e espa\u00e7os equiparados - Programa FAMI \u2013 Fundo para o Asilo, a Migra\u00e7\u00e3o e a Integra\u00e7\u00e3o","isPartOf":{"@id":"https:\/\/www.fami2030.gov.pt\/#website"},"datePublished":"2026-01-05T15:45:18+00:00","breadcrumb":{"@id":"https:\/\/www.fami2030.gov.pt\/aviso-2024\/funcionamento-de-cit-multifuncoes-e-espacos-equiparados\/#breadcrumb"},"inLanguage":"en-US","potentialAction":[{"@type":"ReadAction","target":["https:\/\/www.fami2030.gov.pt\/aviso-2024\/funcionamento-de-cit-multifuncoes-e-espacos-equiparados\/"]}]},{"@type":"BreadcrumbList","@id":"https:\/\/www.fami2030.gov.pt\/aviso-2024\/funcionamento-de-cit-multifuncoes-e-espacos-equiparados\/#breadcrumb","itemListElement":[{"@type":"ListItem","position":1,"name":"In\u00edcio","item":"https:\/\/www.fami2030.gov.pt\/en\/"},{"@type":"ListItem","position":2,"name":"Funcionamento de CIT multifun\u00e7\u00f5es e espa\u00e7os equiparados"}]},{"@type":"WebSite","@id":"https:\/\/www.fami2030.gov.pt\/#website","url":"https:\/\/www.fami2030.gov.pt\/","name":"Programa FAMI \u2013 Fundo para o Asilo, a Migra\u00e7\u00e3o e a Integra\u00e7\u00e3o","description":"","potentialAction":[{"@type":"SearchAction","target":{"@type":"EntryPoint","urlTemplate":"https:\/\/www.fami2030.gov.pt\/?s={search_term_string}"},"query-input":{"@type":"PropertyValueSpecification","valueRequired":true,"valueName":"search_term_string"}}],"inLanguage":"en-US"}]}},"_links":{"self":[{"href":"https:\/\/www.fami2030.gov.pt\/en\/wp-json\/wp\/v2\/aviso-2024\/19024","targetHints":{"allow":["GET"]}}],"collection":[{"href":"https:\/\/www.fami2030.gov.pt\/en\/wp-json\/wp\/v2\/aviso-2024"}],"about":[{"href":"https:\/\/www.fami2030.gov.pt\/en\/wp-json\/wp\/v2\/types\/aviso-2024"}],"wp:attachment":[{"href":"https:\/\/www.fami2030.gov.pt\/en\/wp-json\/wp\/v2\/media?parent=19024"}],"curies":[{"name":"wp","href":"https:\/\/api.w.org\/{rel}","templated":true}]}}

Funcionamento de CIT multifunções e espaços equiparados

Pública

NA - Não Aplicável

HSO9.3-01 - Acervo da União e prioridades relacionadas com infraestruturas

procedimentos e serviços

HSO9.3-01-02 - Funcionamento e assistência dos novos CIT e CIT/EE

9044 - Funcionamento e logística nos novos CIT e CIT/EE

<!-- This site is optimized with the Yoast SEO plugin v27.4 - https://yoast.com/product/yoast-seo-wordpress/ -->
<title>Funcionamento de CIT multifunções e espaços equiparados - Programa FAMI – Fundo para o Asilo, a Migração e a Integração</title>
<meta name="robots" content="index, follow, max-snippet:-1, max-image-preview:large, max-video-preview:-1" />
<link rel="canonical" href="https://www.fami2030.gov.pt/aviso-2024/funcionamento-de-cit-multifuncoes-e-espacos-equiparados/" />
<meta property="og:locale" content="en_US" />
<meta property="og:type" content="article" />
<meta property="og:title" content="Funcionamento de CIT multifunções e espaços equiparados - Programa FAMI – Fundo para o Asilo, a Migração e a Integração" />
<meta property="og:url" content="https://www.fami2030.gov.pt/aviso-2024/funcionamento-de-cit-multifuncoes-e-espacos-equiparados/" />
<meta property="og:site_name" content="Programa FAMI – Fundo para o Asilo, a Migração e a Integração" />
<meta name="twitter:card" content="summary_large_image" />
<script type="application/ld+json" class="yoast-schema-graph">{"@context":"https:\/\/schema.org","@graph":[{"@type":"WebPage","@id":"https:\/\/www.fami2030.gov.pt\/aviso-2024\/funcionamento-de-cit-multifuncoes-e-espacos-equiparados\/","url":"https:\/\/www.fami2030.gov.pt\/aviso-2024\/funcionamento-de-cit-multifuncoes-e-espacos-equiparados\/","name":"Funcionamento de CIT multifunções e espaços equiparados - Programa FAMI – Fundo para o Asilo, a Migração e a Integração","isPartOf":{"@id":"https:\/\/www.fami2030.gov.pt\/#website"},"datePublished":"2026-01-05T15:45:18+00:00","breadcrumb":{"@id":"https:\/\/www.fami2030.gov.pt\/aviso-2024\/funcionamento-de-cit-multifuncoes-e-espacos-equiparados\/#breadcrumb"},"inLanguage":"en-US","potentialAction":[{"@type":"ReadAction","target":["https:\/\/www.fami2030.gov.pt\/aviso-2024\/funcionamento-de-cit-multifuncoes-e-espacos-equiparados\/"]}]},{"@type":"BreadcrumbList","@id":"https:\/\/www.fami2030.gov.pt\/aviso-2024\/funcionamento-de-cit-multifuncoes-e-espacos-equiparados\/#breadcrumb","itemListElement":[{"@type":"ListItem","position":1,"name":"Início","item":"https:\/\/www.fami2030.gov.pt\/en\/"},{"@type":"ListItem","position":2,"name":"Funcionamento de CIT multifunções e espaços equiparados"}]},{"@type":"WebSite","@id":"https:\/\/www.fami2030.gov.pt\/#website","url":"https:\/\/www.fami2030.gov.pt\/","name":"Programa FAMI – Fundo para o Asilo, a Migração e a Integração","description":"","potentialAction":[{"@type":"SearchAction","target":{"@type":"EntryPoint","urlTemplate":"https:\/\/www.fami2030.gov.pt\/?s={search_term_string}"},"query-input":{"@type":"PropertyValueSpecification","valueRequired":true,"valueName":"search_term_string"}}],"inLanguage":"en-US"}]}</script>
<!-- / Yoast SEO plugin. -->

Funcionamento de CIT multifunções e espaços equiparados - Programa FAMI – Fundo para o Asilo, a Migração e a Integração

Programa FAMI – Fundo para o Asilo, a Migração e a Integração

Início
