{"id":19026,"date":"2026-01-05T16:45:18","date_gmt":"2026-01-05T15:45:18","guid":{"rendered":"https:\/\/www.fami2030.gov.pt\/aviso-2024\/centros-locais-de-apoio-a-integracao-de-migrantes-claim\/"},"modified":"2026-01-05T16:45:18","modified_gmt":"2026-01-05T15:45:18","slug":"centros-locais-de-apoio-a-integracao-de-migrantes-claim","status":"publish","type":"aviso-2024","link":"https:\/\/www.fami2030.gov.pt\/en\/aviso-2024\/centros-locais-de-apoio-a-integracao-de-migrantes-claim\/","title":{"rendered":"Centros Locais de Apoio \u00e0 Integra\u00e7\u00e3o de Migrantes (CLAIM)"},"featured_media":0,"template":"","class_list":["post-19026","aviso-2024","type-aviso-2024","status-publish","hentry"],"acf":{"id":"7776","codigo":"FA0321\/2025","objectivo":["HSO9.2 - Migra\u00e7\u00e3o legal e integra\u00e7\u00e3o"],"beneficiario":["Privada"],"natureza":"Concurso","nuts":["Norte|RAM|RAA|Alentejo|AML|Centro|Algarve"],"programa":["FAMI2030"],"modalidade":["Individual|Conjunto"],"prioridade":["NA - N\u00e3o Aplic\u00e1vel"],"tipologia_acao":["HSO9.2-01 - Integra\u00e7\u00e3o econ\u00f3mica e social de NPT e prote\u00e7\u00e3o das pessoas vulner\u00e1veis"],"tipologia_intervencao":["HSO9.2-01-01 - Governa\u00e7\u00e3o das pol\u00edticas de integra\u00e7\u00e3o"],"tipologia_operacao":["9022 - CLAIM - Unidades locais de atendimento"],"quadrimestre":"maio a agosto 2026","data_inicio":"20260405","data_fim":"31\/08\/2026","fundo":["FAMI"],"df":3950624.33,"d_acores":"","d_algarve":"","d_alentejo":"","d_centro":"","d_compete":"","d_fami":3950624.33,"d_lisboa":"","d_madeira":"","d_mar":"","d_norte":"","d_sustentavel":"","d_pat":"","d_pessoas":"","comparticipacao":0.75,"pdf":19027},"yoast_head":"<!-- This site is optimized with the Yoast SEO plugin v27.4 - https:\/\/yoast.com\/product\/yoast-seo-wordpress\/ -->\n<title>Centros Locais de Apoio \u00e0 Integra\u00e7\u00e3o de Migrantes (CLAIM) - Programa FAMI \u2013 Fundo para o Asilo, a Migra\u00e7\u00e3o e a Integra\u00e7\u00e3o<\/title>\n<meta name=\"robots\" content=\"index, follow, max-snippet:-1, max-image-preview:large, max-video-preview:-1\" \/>\n<link rel=\"canonical\" href=\"https:\/\/www.fami2030.gov.pt\/aviso-2024\/centros-locais-de-apoio-a-integracao-de-migrantes-claim\/\" \/>\n<meta property=\"og:locale\" content=\"en_US\" \/>\n<meta property=\"og:type\" content=\"article\" \/>\n<meta property=\"og:title\" content=\"Centros Locais de Apoio \u00e0 Integra\u00e7\u00e3o de Migrantes (CLAIM) - Programa FAMI \u2013 Fundo para o Asilo, a Migra\u00e7\u00e3o e a Integra\u00e7\u00e3o\" \/>\n<meta property=\"og:url\" content=\"https:\/\/www.fami2030.gov.pt\/aviso-2024\/centros-locais-de-apoio-a-integracao-de-migrantes-claim\/\" \/>\n<meta property=\"og:site_name\" content=\"Programa FAMI \u2013 Fundo para o Asilo, a Migra\u00e7\u00e3o e a Integra\u00e7\u00e3o\" \/>\n<meta name=\"twitter:card\" content=\"summary_large_image\" \/>\n<script type=\"application\/ld+json\" class=\"yoast-schema-graph\">{\"@context\":\"https:\\\/\\\/schema.org\",\"@graph\":[{\"@type\":\"WebPage\",\"@id\":\"https:\\\/\\\/www.fami2030.gov.pt\\\/aviso-2024\\\/centros-locais-de-apoio-a-integracao-de-migrantes-claim\\\/\",\"url\":\"https:\\\/\\\/www.fami2030.gov.pt\\\/aviso-2024\\\/centros-locais-de-apoio-a-integracao-de-migrantes-claim\\\/\",\"name\":\"Centros Locais de Apoio \u00e0 Integra\u00e7\u00e3o de Migrantes (CLAIM) - Programa FAMI \u2013 Fundo para o Asilo, a Migra\u00e7\u00e3o e a Integra\u00e7\u00e3o\",\"isPartOf\":{\"@id\":\"https:\\\/\\\/www.fami2030.gov.pt\\\/#website\"},\"datePublished\":\"2026-01-05T15:45:18+00:00\",\"breadcrumb\":{\"@id\":\"https:\\\/\\\/www.fami2030.gov.pt\\\/aviso-2024\\\/centros-locais-de-apoio-a-integracao-de-migrantes-claim\\\/#breadcrumb\"},\"inLanguage\":\"en-US\",\"potentialAction\":[{\"@type\":\"ReadAction\",\"target\":[\"https:\\\/\\\/www.fami2030.gov.pt\\\/aviso-2024\\\/centros-locais-de-apoio-a-integracao-de-migrantes-claim\\\/\"]}]},{\"@type\":\"BreadcrumbList\",\"@id\":\"https:\\\/\\\/www.fami2030.gov.pt\\\/aviso-2024\\\/centros-locais-de-apoio-a-integracao-de-migrantes-claim\\\/#breadcrumb\",\"itemListElement\":[{\"@type\":\"ListItem\",\"position\":1,\"name\":\"In\u00edcio\",\"item\":\"https:\\\/\\\/www.fami2030.gov.pt\\\/en\\\/\"},{\"@type\":\"ListItem\",\"position\":2,\"name\":\"Centros Locais de Apoio \u00e0 Integra\u00e7\u00e3o de Migrantes (CLAIM)\"}]},{\"@type\":\"WebSite\",\"@id\":\"https:\\\/\\\/www.fami2030.gov.pt\\\/#website\",\"url\":\"https:\\\/\\\/www.fami2030.gov.pt\\\/\",\"name\":\"Programa FAMI \u2013 Fundo para o Asilo, a Migra\u00e7\u00e3o e a Integra\u00e7\u00e3o\",\"description\":\"\",\"potentialAction\":[{\"@type\":\"SearchAction\",\"target\":{\"@type\":\"EntryPoint\",\"urlTemplate\":\"https:\\\/\\\/www.fami2030.gov.pt\\\/?s={search_term_string}\"},\"query-input\":{\"@type\":\"PropertyValueSpecification\",\"valueRequired\":true,\"valueName\":\"search_term_string\"}}],\"inLanguage\":\"en-US\"}]}<\/script>\n<!-- \/ Yoast SEO plugin. -->","yoast_head_json":{"title":"Centros Locais de Apoio \u00e0 Integra\u00e7\u00e3o de Migrantes (CLAIM) - Programa FAMI \u2013 Fundo para o Asilo, a Migra\u00e7\u00e3o e a Integra\u00e7\u00e3o","robots":{"index":"index","follow":"follow","max-snippet":"max-snippet:-1","max-image-preview":"max-image-preview:large","max-video-preview":"max-video-preview:-1"},"canonical":"https:\/\/www.fami2030.gov.pt\/aviso-2024\/centros-locais-de-apoio-a-integracao-de-migrantes-claim\/","og_locale":"en_US","og_type":"article","og_title":"Centros Locais de Apoio \u00e0 Integra\u00e7\u00e3o de Migrantes (CLAIM) - Programa FAMI \u2013 Fundo para o Asilo, a Migra\u00e7\u00e3o e a Integra\u00e7\u00e3o","og_url":"https:\/\/www.fami2030.gov.pt\/aviso-2024\/centros-locais-de-apoio-a-integracao-de-migrantes-claim\/","og_site_name":"Programa FAMI \u2013 Fundo para o Asilo, a Migra\u00e7\u00e3o e a Integra\u00e7\u00e3o","twitter_card":"summary_large_image","schema":{"@context":"https:\/\/schema.org","@graph":[{"@type":"WebPage","@id":"https:\/\/www.fami2030.gov.pt\/aviso-2024\/centros-locais-de-apoio-a-integracao-de-migrantes-claim\/","url":"https:\/\/www.fami2030.gov.pt\/aviso-2024\/centros-locais-de-apoio-a-integracao-de-migrantes-claim\/","name":"Centros Locais de Apoio \u00e0 Integra\u00e7\u00e3o de Migrantes (CLAIM) - Programa FAMI \u2013 Fundo para o Asilo, a Migra\u00e7\u00e3o e a Integra\u00e7\u00e3o","isPartOf":{"@id":"https:\/\/www.fami2030.gov.pt\/#website"},"datePublished":"2026-01-05T15:45:18+00:00","breadcrumb":{"@id":"https:\/\/www.fami2030.gov.pt\/aviso-2024\/centros-locais-de-apoio-a-integracao-de-migrantes-claim\/#breadcrumb"},"inLanguage":"en-US","potentialAction":[{"@type":"ReadAction","target":["https:\/\/www.fami2030.gov.pt\/aviso-2024\/centros-locais-de-apoio-a-integracao-de-migrantes-claim\/"]}]},{"@type":"BreadcrumbList","@id":"https:\/\/www.fami2030.gov.pt\/aviso-2024\/centros-locais-de-apoio-a-integracao-de-migrantes-claim\/#breadcrumb","itemListElement":[{"@type":"ListItem","position":1,"name":"In\u00edcio","item":"https:\/\/www.fami2030.gov.pt\/en\/"},{"@type":"ListItem","position":2,"name":"Centros Locais de Apoio \u00e0 Integra\u00e7\u00e3o de Migrantes (CLAIM)"}]},{"@type":"WebSite","@id":"https:\/\/www.fami2030.gov.pt\/#website","url":"https:\/\/www.fami2030.gov.pt\/","name":"Programa FAMI \u2013 Fundo para o Asilo, a Migra\u00e7\u00e3o e a Integra\u00e7\u00e3o","description":"","potentialAction":[{"@type":"SearchAction","target":{"@type":"EntryPoint","urlTemplate":"https:\/\/www.fami2030.gov.pt\/?s={search_term_string}"},"query-input":{"@type":"PropertyValueSpecification","valueRequired":true,"valueName":"search_term_string"}}],"inLanguage":"en-US"}]}},"_links":{"self":[{"href":"https:\/\/www.fami2030.gov.pt\/en\/wp-json\/wp\/v2\/aviso-2024\/19026","targetHints":{"allow":["GET"]}}],"collection":[{"href":"https:\/\/www.fami2030.gov.pt\/en\/wp-json\/wp\/v2\/aviso-2024"}],"about":[{"href":"https:\/\/www.fami2030.gov.pt\/en\/wp-json\/wp\/v2\/types\/aviso-2024"}],"wp:attachment":[{"href":"https:\/\/www.fami2030.gov.pt\/en\/wp-json\/wp\/v2\/media?parent=19026"}],"curies":[{"name":"wp","href":"https:\/\/api.w.org\/{rel}","templated":true}]}}

Centros Locais de Apoio à Integração de Migrantes (CLAIM)

HSO9.2 - Migração legal e integração

NA - Não Aplicável

HSO9.2-01 - Integração económica e social de NPT e proteção das pessoas vulneráveis

HSO9.2-01-01 - Governação das políticas de integração

<!-- This site is optimized with the Yoast SEO plugin v27.4 - https://yoast.com/product/yoast-seo-wordpress/ -->
<title>Centros Locais de Apoio à Integração de Migrantes (CLAIM) - Programa FAMI – Fundo para o Asilo, a Migração e a Integração</title>
<meta name="robots" content="index, follow, max-snippet:-1, max-image-preview:large, max-video-preview:-1" />
<link rel="canonical" href="https://www.fami2030.gov.pt/aviso-2024/centros-locais-de-apoio-a-integracao-de-migrantes-claim/" />
<meta property="og:locale" content="en_US" />
<meta property="og:type" content="article" />
<meta property="og:title" content="Centros Locais de Apoio à Integração de Migrantes (CLAIM) - Programa FAMI – Fundo para o Asilo, a Migração e a Integração" />
<meta property="og:url" content="https://www.fami2030.gov.pt/aviso-2024/centros-locais-de-apoio-a-integracao-de-migrantes-claim/" />
<meta property="og:site_name" content="Programa FAMI – Fundo para o Asilo, a Migração e a Integração" />
<meta name="twitter:card" content="summary_large_image" />
<script type="application/ld+json" class="yoast-schema-graph">{"@context":"https:\/\/schema.org","@graph":[{"@type":"WebPage","@id":"https:\/\/www.fami2030.gov.pt\/aviso-2024\/centros-locais-de-apoio-a-integracao-de-migrantes-claim\/","url":"https:\/\/www.fami2030.gov.pt\/aviso-2024\/centros-locais-de-apoio-a-integracao-de-migrantes-claim\/","name":"Centros Locais de Apoio à Integração de Migrantes (CLAIM) - Programa FAMI – Fundo para o Asilo, a Migração e a Integração","isPartOf":{"@id":"https:\/\/www.fami2030.gov.pt\/#website"},"datePublished":"2026-01-05T15:45:18+00:00","breadcrumb":{"@id":"https:\/\/www.fami2030.gov.pt\/aviso-2024\/centros-locais-de-apoio-a-integracao-de-migrantes-claim\/#breadcrumb"},"inLanguage":"en-US","potentialAction":[{"@type":"ReadAction","target":["https:\/\/www.fami2030.gov.pt\/aviso-2024\/centros-locais-de-apoio-a-integracao-de-migrantes-claim\/"]}]},{"@type":"BreadcrumbList","@id":"https:\/\/www.fami2030.gov.pt\/aviso-2024\/centros-locais-de-apoio-a-integracao-de-migrantes-claim\/#breadcrumb","itemListElement":[{"@type":"ListItem","position":1,"name":"Início","item":"https:\/\/www.fami2030.gov.pt\/en\/"},{"@type":"ListItem","position":2,"name":"Centros Locais de Apoio à Integração de Migrantes (CLAIM)"}]},{"@type":"WebSite","@id":"https:\/\/www.fami2030.gov.pt\/#website","url":"https:\/\/www.fami2030.gov.pt\/","name":"Programa FAMI – Fundo para o Asilo, a Migração e a Integração","description":"","potentialAction":[{"@type":"SearchAction","target":{"@type":"EntryPoint","urlTemplate":"https:\/\/www.fami2030.gov.pt\/?s={search_term_string}"},"query-input":{"@type":"PropertyValueSpecification","valueRequired":true,"valueName":"search_term_string"}}],"inLanguage":"en-US"}]}</script>
<!-- / Yoast SEO plugin. -->

Centros Locais de Apoio à Integração de Migrantes (CLAIM) - Programa FAMI – Fundo para o Asilo, a Migração e a Integração

Programa FAMI – Fundo para o Asilo, a Migração e a Integração

Início
