{"id":16805,"date":"2023-01-25T18:49:56","date_gmt":"2023-01-25T18:49:56","guid":{"rendered":"https:\/\/www.fami2030.gov.pt\/privacy-policy\/"},"modified":"2025-08-01T11:42:50","modified_gmt":"2025-08-01T11:42:50","slug":"privacy-policy","status":"publish","type":"page","link":"https:\/\/www.fami2030.gov.pt\/en\/privacy-policy\/","title":{"rendered":"Privacy Policy"},"content":{"rendered":"<p>[et_pb_section fb_built=&#8221;1&#8243; admin_label=&#8221;Header&#8221; module_class=&#8221;about-page&#8221; _builder_version=&#8221;4.19.4&#8243; _module_preset=&#8221;default&#8221; locked=&#8221;off&#8221; collapsed=&#8221;off&#8221; global_colors_info=&#8221;{}&#8221;][et_pb_row _builder_version=&#8221;4.19.4&#8243; _module_preset=&#8221;default&#8221; collapsed=&#8221;on&#8221; global_colors_info=&#8221;{}&#8221;][et_pb_column type=&#8221;4_4&#8243; _builder_version=&#8221;4.19.2&#8243; _module_preset=&#8221;default&#8221; global_colors_info=&#8221;{}&#8221;][et_pb_post_title meta=&#8221;off&#8221; featured_image=&#8221;off&#8221; _builder_version=&#8221;4.19.4&#8243; _module_preset=&#8221;default&#8221; global_colors_info=&#8221;{}&#8221;][\/et_pb_post_title][\/et_pb_column][\/et_pb_row][et_pb_row column_structure=&#8221;2_3,1_3&#8243; use_custom_gutter=&#8221;on&#8221; gutter_width=&#8221;2&#8243; make_equal=&#8221;on&#8221; _builder_version=&#8221;4.19.4&#8243; _module_preset=&#8221;default&#8221; locked=&#8221;off&#8221; collapsed=&#8221;off&#8221; global_colors_info=&#8221;{}&#8221;][et_pb_column type=&#8221;2_3&#8243; _builder_version=&#8221;4.19.4&#8243; _module_preset=&#8221;default&#8221; global_colors_info=&#8221;{}&#8221;][et_pb_text admin_label=&#8221;Texto&#8221; _builder_version=&#8221;4.27.4&#8243; _module_preset=&#8221;default&#8221; hover_enabled=&#8221;0&#8243; global_colors_info=&#8221;{}&#8221; sticky_enabled=&#8221;0&#8243;]<\/p>\n<p style=\"font-weight: 400;\">The Privacy Policy, as an instrument to support compliance with the General Data Protection Regulation (GDPR) &#8211; Regulation (EU) 2016\/679 of the European Parliament and of the Council of April 27, 2016 &#8211; and its applicable national legislation, facilitates compliance with the law and promotes greater transparency in practices and procedures, providing the guidelines for the pursuit of a public service of excellence, with the following main objectives:<\/p>\n<ul style=\"font-weight: 400;\">\n<li>Ensure the fundamental rights and duties of all users and employees of the AMIF 2030 Programme;<\/li>\n<li>Promoting the ethical performance of organizations and disseminating data protection standards in line with national and international best practices;<\/li>\n<li>Consolidating citizens&#8217; trust and respect for their privacy.<\/li>\n<\/ul>\n<p style=\"font-weight: 400;\"><span style=\"font-size: 16px;\">The Privacy Policy of the AMIF 2030 Programme involves a set of<\/span> <span style=\"font-size: 16px;\">rules<\/span> <span style=\"font-size: 16px;\">and principles of data protection, which govern all the activities carried out by these entities, and is applicable to all their users and employees, regardless of the purpose of the former and the position, career, category and functions performed, as well as the contractual relationship of the latter.<\/span><\/p>\n<p style=\"font-weight: 400;\">Compliance with this Privacy Policy is mandatory and, therefore, all employees, managers and third parties related to the AMIF 2030 Programme are responsible for ensuring compliance with it and, if necessary, should request clarification from the Data Protection Officer (DPO) via the email address <a title=\"mailto:pro.dados@sg.pcm.gov.pt\" href=\"mailto:pro.dados@sg.pcm.gov.pt\" data-linkindex=\"0\" data-ogsc=\"\">pro.dados@sg.pcm.gov.pt<\/a>. This compliance can be monitored by means of inspections, audits or written requests for confirmation of compliance, with all areas of the entities involved being responsible for regularly assessing their compliance within their area of responsibility.<\/p>\n<p style=\"font-weight: 400;\">The application of this Privacy Policy does not dispense with compliance with other duties arising from the law, nor does it prevent the application of other rules of conduct or ethics applicable to certain functions, activities or professional groups.<\/p>\n<p>[\/et_pb_text][\/et_pb_column][et_pb_column type=&#8221;1_3&#8243; _builder_version=&#8221;4.19.4&#8243; _module_preset=&#8221;default&#8221; global_colors_info=&#8221;{}&#8221;][\/et_pb_column][\/et_pb_row][\/et_pb_section]<\/p>\n","protected":false},"excerpt":{"rendered":"<p>The Privacy Policy, as an instrument to support compliance with the General Data Protection Regulation (GDPR) &#8211; Regulation (EU) 2016\/679 of the European Parliament and of the Council of April 27, 2016 &#8211; and its applicable national legislation, facilitates compliance with the law and promotes greater transparency in practices and procedures, providing the guidelines for [&hellip;]<\/p>\n","protected":false},"author":1,"featured_media":0,"parent":0,"menu_order":0,"comment_status":"closed","ping_status":"closed","template":"","meta":{"_acf_changed":false,"_et_pb_use_builder":"on","_et_pb_old_content":"","_et_gb_content_width":"","_crosspost_to_3":false,"_crosspost_to_10":false,"_crosspost_to_13":false,"_crosspost_to_14":false,"_crosspost_to_15":false,"_crosspost_to_16":false,"_crosspost_to_17":false,"_crosspost_to_18":false,"_crosspost_to_19":false,"iawp_total_views":12,"footnotes":""},"class_list":["post-16805","page","type-page","status-publish","hentry"],"acf":[],"yoast_head":"<!-- This site is optimized with the Yoast SEO plugin v27.4 - https:\/\/yoast.com\/product\/yoast-seo-wordpress\/ -->\n<title>Privacy Policy - Programa FAMI \u2013 Fundo para o Asilo, a Migra\u00e7\u00e3o e a Integra\u00e7\u00e3o<\/title>\n<meta name=\"robots\" content=\"index, follow, max-snippet:-1, max-image-preview:large, max-video-preview:-1\" \/>\n<link rel=\"canonical\" href=\"https:\/\/www.fami2030.gov.pt\/en\/privacy-policy\/\" \/>\n<meta property=\"og:locale\" content=\"en_US\" \/>\n<meta property=\"og:type\" content=\"article\" \/>\n<meta property=\"og:title\" content=\"Privacy Policy - Programa FAMI \u2013 Fundo para o Asilo, a Migra\u00e7\u00e3o e a Integra\u00e7\u00e3o\" \/>\n<meta property=\"og:description\" content=\"The Privacy Policy, as an instrument to support compliance with the General Data Protection Regulation (GDPR) - Regulation (EU) 2016\/679 of the European Parliament and of the Council of April 27, 2016 - and its applicable national legislation, facilitates compliance with the law and promotes greater transparency in practices and procedures, providing the guidelines for [&hellip;]\" \/>\n<meta property=\"og:url\" content=\"https:\/\/www.fami2030.gov.pt\/en\/privacy-policy\/\" \/>\n<meta property=\"og:site_name\" content=\"Programa FAMI \u2013 Fundo para o Asilo, a Migra\u00e7\u00e3o e a Integra\u00e7\u00e3o\" \/>\n<meta property=\"article:modified_time\" content=\"2025-08-01T11:42:50+00:00\" \/>\n<meta name=\"twitter:card\" content=\"summary_large_image\" \/>\n<meta name=\"twitter:label1\" content=\"Est. reading time\" \/>\n\t<meta name=\"twitter:data1\" content=\"2 minutes\" \/>\n<script type=\"application\/ld+json\" class=\"yoast-schema-graph\">{\"@context\":\"https:\\\/\\\/schema.org\",\"@graph\":[{\"@type\":\"WebPage\",\"@id\":\"https:\\\/\\\/www.fami2030.gov.pt\\\/en\\\/privacy-policy\\\/\",\"url\":\"https:\\\/\\\/www.fami2030.gov.pt\\\/en\\\/privacy-policy\\\/\",\"name\":\"Privacy Policy - Programa FAMI \u2013 Fundo para o Asilo, a Migra\u00e7\u00e3o e a Integra\u00e7\u00e3o\",\"isPartOf\":{\"@id\":\"https:\\\/\\\/www.fami2030.gov.pt\\\/#website\"},\"datePublished\":\"2023-01-25T18:49:56+00:00\",\"dateModified\":\"2025-08-01T11:42:50+00:00\",\"breadcrumb\":{\"@id\":\"https:\\\/\\\/www.fami2030.gov.pt\\\/en\\\/privacy-policy\\\/#breadcrumb\"},\"inLanguage\":\"en-US\",\"potentialAction\":[{\"@type\":\"ReadAction\",\"target\":[\"https:\\\/\\\/www.fami2030.gov.pt\\\/en\\\/privacy-policy\\\/\"]}]},{\"@type\":\"BreadcrumbList\",\"@id\":\"https:\\\/\\\/www.fami2030.gov.pt\\\/en\\\/privacy-policy\\\/#breadcrumb\",\"itemListElement\":[{\"@type\":\"ListItem\",\"position\":1,\"name\":\"In\u00edcio\",\"item\":\"https:\\\/\\\/www.fami2030.gov.pt\\\/en\\\/\"},{\"@type\":\"ListItem\",\"position\":2,\"name\":\"Privacy Policy\"}]},{\"@type\":\"WebSite\",\"@id\":\"https:\\\/\\\/www.fami2030.gov.pt\\\/#website\",\"url\":\"https:\\\/\\\/www.fami2030.gov.pt\\\/\",\"name\":\"Programa FAMI \u2013 Fundo para o Asilo, a Migra\u00e7\u00e3o e a Integra\u00e7\u00e3o\",\"description\":\"\",\"potentialAction\":[{\"@type\":\"SearchAction\",\"target\":{\"@type\":\"EntryPoint\",\"urlTemplate\":\"https:\\\/\\\/www.fami2030.gov.pt\\\/?s={search_term_string}\"},\"query-input\":{\"@type\":\"PropertyValueSpecification\",\"valueRequired\":true,\"valueName\":\"search_term_string\"}}],\"inLanguage\":\"en-US\"}]}<\/script>\n<!-- \/ Yoast SEO plugin. -->","yoast_head_json":{"title":"Privacy Policy - Programa FAMI \u2013 Fundo para o Asilo, a Migra\u00e7\u00e3o e a Integra\u00e7\u00e3o","robots":{"index":"index","follow":"follow","max-snippet":"max-snippet:-1","max-image-preview":"max-image-preview:large","max-video-preview":"max-video-preview:-1"},"canonical":"https:\/\/www.fami2030.gov.pt\/en\/privacy-policy\/","og_locale":"en_US","og_type":"article","og_title":"Privacy Policy - Programa FAMI \u2013 Fundo para o Asilo, a Migra\u00e7\u00e3o e a Integra\u00e7\u00e3o","og_description":"The Privacy Policy, as an instrument to support compliance with the General Data Protection Regulation (GDPR) - Regulation (EU) 2016\/679 of the European Parliament and of the Council of April 27, 2016 - and its applicable national legislation, facilitates compliance with the law and promotes greater transparency in practices and procedures, providing the guidelines for [&hellip;]","og_url":"https:\/\/www.fami2030.gov.pt\/en\/privacy-policy\/","og_site_name":"Programa FAMI \u2013 Fundo para o Asilo, a Migra\u00e7\u00e3o e a Integra\u00e7\u00e3o","article_modified_time":"2025-08-01T11:42:50+00:00","twitter_card":"summary_large_image","twitter_misc":{"Est. reading time":"2 minutes"},"schema":{"@context":"https:\/\/schema.org","@graph":[{"@type":"WebPage","@id":"https:\/\/www.fami2030.gov.pt\/en\/privacy-policy\/","url":"https:\/\/www.fami2030.gov.pt\/en\/privacy-policy\/","name":"Privacy Policy - Programa FAMI \u2013 Fundo para o Asilo, a Migra\u00e7\u00e3o e a Integra\u00e7\u00e3o","isPartOf":{"@id":"https:\/\/www.fami2030.gov.pt\/#website"},"datePublished":"2023-01-25T18:49:56+00:00","dateModified":"2025-08-01T11:42:50+00:00","breadcrumb":{"@id":"https:\/\/www.fami2030.gov.pt\/en\/privacy-policy\/#breadcrumb"},"inLanguage":"en-US","potentialAction":[{"@type":"ReadAction","target":["https:\/\/www.fami2030.gov.pt\/en\/privacy-policy\/"]}]},{"@type":"BreadcrumbList","@id":"https:\/\/www.fami2030.gov.pt\/en\/privacy-policy\/#breadcrumb","itemListElement":[{"@type":"ListItem","position":1,"name":"In\u00edcio","item":"https:\/\/www.fami2030.gov.pt\/en\/"},{"@type":"ListItem","position":2,"name":"Privacy Policy"}]},{"@type":"WebSite","@id":"https:\/\/www.fami2030.gov.pt\/#website","url":"https:\/\/www.fami2030.gov.pt\/","name":"Programa FAMI \u2013 Fundo para o Asilo, a Migra\u00e7\u00e3o e a Integra\u00e7\u00e3o","description":"","potentialAction":[{"@type":"SearchAction","target":{"@type":"EntryPoint","urlTemplate":"https:\/\/www.fami2030.gov.pt\/?s={search_term_string}"},"query-input":{"@type":"PropertyValueSpecification","valueRequired":true,"valueName":"search_term_string"}}],"inLanguage":"en-US"}]}},"_links":{"self":[{"href":"https:\/\/www.fami2030.gov.pt\/en\/wp-json\/wp\/v2\/pages\/16805","targetHints":{"allow":["GET"]}}],"collection":[{"href":"https:\/\/www.fami2030.gov.pt\/en\/wp-json\/wp\/v2\/pages"}],"about":[{"href":"https:\/\/www.fami2030.gov.pt\/en\/wp-json\/wp\/v2\/types\/page"}],"author":[{"embeddable":true,"href":"https:\/\/www.fami2030.gov.pt\/en\/wp-json\/wp\/v2\/users\/1"}],"replies":[{"embeddable":true,"href":"https:\/\/www.fami2030.gov.pt\/en\/wp-json\/wp\/v2\/comments?post=16805"}],"version-history":[{"count":3,"href":"https:\/\/www.fami2030.gov.pt\/en\/wp-json\/wp\/v2\/pages\/16805\/revisions"}],"predecessor-version":[{"id":18105,"href":"https:\/\/www.fami2030.gov.pt\/en\/wp-json\/wp\/v2\/pages\/16805\/revisions\/18105"}],"wp:attachment":[{"href":"https:\/\/www.fami2030.gov.pt\/en\/wp-json\/wp\/v2\/media?parent=16805"}],"curies":[{"name":"wp","href":"https:\/\/api.w.org\/{rel}","templated":true}]}}

<!-- This site is optimized with the Yoast SEO plugin v27.4 - https://yoast.com/product/yoast-seo-wordpress/ -->
<title>Privacy Policy - Programa FAMI – Fundo para o Asilo, a Migração e a Integração</title>
<meta name="robots" content="index, follow, max-snippet:-1, max-image-preview:large, max-video-preview:-1" />
<link rel="canonical" href="https://www.fami2030.gov.pt/en/privacy-policy/" />
<meta property="og:locale" content="en_US" />
<meta property="og:type" content="article" />
<meta property="og:title" content="Privacy Policy - Programa FAMI – Fundo para o Asilo, a Migração e a Integração" />
<meta property="og:description" content="The Privacy Policy, as an instrument to support compliance with the General Data Protection Regulation (GDPR) - Regulation (EU) 2016/679 of the European Parliament and of the Council of April 27, 2016 - and its applicable national legislation, facilitates compliance with the law and promotes greater transparency in practices and procedures, providing the guidelines for [&hellip;]" />
<meta property="og:url" content="https://www.fami2030.gov.pt/en/privacy-policy/" />
<meta property="og:site_name" content="Programa FAMI – Fundo para o Asilo, a Migração e a Integração" />
<meta property="article:modified_time" content="2025-08-01T11:42:50+00:00" />
<meta name="twitter:card" content="summary_large_image" />
<meta name="twitter:label1" content="Est. reading time" />
	<meta name="twitter:data1" content="2 minutes" />
<script type="application/ld+json" class="yoast-schema-graph">{"@context":"https:\/\/schema.org","@graph":[{"@type":"WebPage","@id":"https:\/\/www.fami2030.gov.pt\/en\/privacy-policy\/","url":"https:\/\/www.fami2030.gov.pt\/en\/privacy-policy\/","name":"Privacy Policy - Programa FAMI – Fundo para o Asilo, a Migração e a Integração","isPartOf":{"@id":"https:\/\/www.fami2030.gov.pt\/#website"},"datePublished":"2023-01-25T18:49:56+00:00","dateModified":"2025-08-01T11:42:50+00:00","breadcrumb":{"@id":"https:\/\/www.fami2030.gov.pt\/en\/privacy-policy\/#breadcrumb"},"inLanguage":"en-US","potentialAction":[{"@type":"ReadAction","target":["https:\/\/www.fami2030.gov.pt\/en\/privacy-policy\/"]}]},{"@type":"BreadcrumbList","@id":"https:\/\/www.fami2030.gov.pt\/en\/privacy-policy\/#breadcrumb","itemListElement":[{"@type":"ListItem","position":1,"name":"Início","item":"https:\/\/www.fami2030.gov.pt\/en\/"},{"@type":"ListItem","position":2,"name":"Privacy Policy"}]},{"@type":"WebSite","@id":"https:\/\/www.fami2030.gov.pt\/#website","url":"https:\/\/www.fami2030.gov.pt\/","name":"Programa FAMI – Fundo para o Asilo, a Migração e a Integração","description":"","potentialAction":[{"@type":"SearchAction","target":{"@type":"EntryPoint","urlTemplate":"https:\/\/www.fami2030.gov.pt\/?s={search_term_string}"},"query-input":{"@type":"PropertyValueSpecification","valueRequired":true,"valueName":"search_term_string"}}],"inLanguage":"en-US"}]}</script>
<!-- / Yoast SEO plugin. -->

Privacy Policy - Programa FAMI – Fundo para o Asilo, a Migração e a Integração

Programa FAMI – Fundo para o Asilo, a Migração e a Integração

Início
