{"id":17984,"date":"2022-12-13T13:16:50","date_gmt":"2022-12-13T13:16:50","guid":{"rendered":"https:\/\/www.fami2030.gov.pt\/contact\/"},"modified":"2025-08-01T11:51:02","modified_gmt":"2025-08-01T11:51:02","slug":"contact","status":"publish","type":"page","link":"https:\/\/www.fami2030.gov.pt\/en\/contact\/","title":{"rendered":"Contact"},"content":{"rendered":"<p>[et_pb_section fb_built=&#8221;1&#8243; admin_label=&#8221;Header&#8221; module_class=&#8221;about-page&#8221; _builder_version=&#8221;4.19.4&#8243; _module_preset=&#8221;default&#8221; locked=&#8221;off&#8221; collapsed=&#8221;off&#8221; global_colors_info=&#8221;{}&#8221;][et_pb_row _builder_version=&#8221;4.19.4&#8243; _module_preset=&#8221;default&#8221; collapsed=&#8221;off&#8221; global_colors_info=&#8221;{}&#8221;][et_pb_column type=&#8221;4_4&#8243; _builder_version=&#8221;4.19.2&#8243; _module_preset=&#8221;default&#8221; global_colors_info=&#8221;{}&#8221;][et_pb_post_title meta=&#8221;off&#8221; featured_image=&#8221;off&#8221; _builder_version=&#8221;4.19.4&#8243; _module_preset=&#8221;default&#8221; hover_enabled=&#8221;0&#8243; global_colors_info=&#8221;{}&#8221; sticky_enabled=&#8221;0&#8243;][\/et_pb_post_title][\/et_pb_column][\/et_pb_row][et_pb_row column_structure=&#8221;2_3,1_3&#8243; use_custom_gutter=&#8221;on&#8221; gutter_width=&#8221;2&#8243; make_equal=&#8221;on&#8221; _builder_version=&#8221;4.19.4&#8243; _module_preset=&#8221;default&#8221; locked=&#8221;off&#8221; collapsed=&#8221;off&#8221; global_colors_info=&#8221;{}&#8221;][et_pb_column type=&#8221;2_3&#8243; _builder_version=&#8221;4.19.4&#8243; _module_preset=&#8221;default&#8221; global_colors_info=&#8221;{}&#8221;][et_pb_text admin_label=&#8221;O que \u00e9&#8221; module_class=&#8221;bg-gray p-2 br-6&#8243; _builder_version=&#8221;4.27.4&#8243; _module_preset=&#8221;default&#8221; hover_enabled=&#8221;0&#8243; global_colors_info=&#8221;{}&#8221; sticky_enabled=&#8221;0&#8243;]<\/p>\n<h3 class=\"h4\"><strong>Address<\/strong><\/h3>\n<p>AMIF 2030 Programme<br \/>Campus XXI, Avenida Jo\u00e3o XXI, n.\u00ba 63<br \/>1000-300 Lisboa<\/p>\n<p>&nbsp;<\/p>\n<h3 class=\"h4\"><strong>Telefone<\/strong><\/h3>\n<p>(+351) 910 447 101<\/p>\n<p>&nbsp;<\/p>\n<h3 class=\"h4\"><strong>E-mail<\/strong><\/h3>\n<p><a href=\"mailto:fami.geral@fami2030.gov.pt\">fami.geral@fami2030.gov.pt<\/a><\/p>\n<p>&nbsp;<\/p>\n<h3 class=\"h4\"><strong>Contacto do EPD<\/strong><\/h3>\n<p><a href=\"mailto:pro.dados@sg.pcm.gov.pt\">pro.dados@sg.pcm.gov.pt<\/a><\/p>\n<p>[\/et_pb_text][et_pb_text admin_label=&#8221;Linha dos Fundos&#8221; module_class=&#8221;bg-gray p-1 br-6&#8243; _builder_version=&#8221;4.27.4&#8243; _module_preset=&#8221;default&#8221; hover_enabled=&#8221;0&#8243; global_colors_info=&#8221;{}&#8221; sticky_enabled=&#8221;0&#8243;]<\/p>\n<h2 class=\"h3\">\u00a0<\/h2>\n<h2 class=\"h3\">\u00a0<\/h2>\n<h2 class=\"h3\"><strong>Funding Line<\/strong><\/h2>\n<p>Clarify your questions with the support of the <a href=\"https:\/\/balcaofundosue.pt\/LinhaDosFundos\" target=\"_blank\" rel=\"noopener\">Funding Line<\/a>.<\/p>\n<p>&nbsp;<\/p>\n<h3 class=\"h4\"><strong>Online Support<\/strong><\/h3>\n<ul>\n<li>Technical support for the Funding Portal and other platforms.<\/li>\n<li>Information on European funds.<\/li>\n<li>Information regarding the status of your operations.<\/li>\n<\/ul>\n<p><a href=\"https:\/\/suporte-lf.linhadosfundos.pt\/s\/fundos\" target=\"_blank\" rel=\"noopener\">Submit a support request<\/a><\/p>\n<p>&nbsp;<\/p>\n<h3 class=\"h4\"><strong>E-mail<\/strong><\/h3>\n<p>Technical support for the Funding Portal and other platforms.<\/p>\n<p><a href=\"mailto:linhadosfundos@linhadosfundos.pt\">linhadosfundos@linhadosfundos.pt<\/a><\/p>\n<p>&nbsp;<\/p>\n<h3 class=\"h4\"><strong>Video conference<\/strong><\/h3>\n<p><a href=\"https:\/\/eportugal.gov.pt\/servicos\/fazer-o-registo-no-balcao-dos-fundos\" target=\"_blank\" rel=\"noopener\">Assistance with registration on the Funding Portal<\/a><\/p>\n<p><a href=\"https:\/\/eportugal.gov.pt\/servicos\/fazer-o-registo-no-balcao-dos-fundos\" target=\"_blank\" rel=\"noopener\">Arrange a video conference<\/a><\/p>\n<p>&nbsp;<\/p>\n<h3 class=\"h4\"><strong>Chat<\/strong><\/h3>\n<ul>\n<li>Assistance with registration on the Funding Portal.<\/li>\n<li>Technical support for the Funding Portal and other platforms.<\/li>\n<\/ul>\n<p>On all <strong>working days<\/strong>, between <strong>9:00 a.m.<\/strong> and<strong> 6:00 p.m.<\/strong><\/p>\n<p>To access the chat, please <a href=\"https:\/\/balcaofundosue.pt\/LinhaDosFundos\" target=\"_blank\" rel=\"noopener\">go to the Funding Line website<\/a>.<\/p>\n<p>[\/et_pb_text][\/et_pb_column][et_pb_column type=&#8221;1_3&#8243; _builder_version=&#8221;4.19.4&#8243; _module_preset=&#8221;default&#8221; global_colors_info=&#8221;{}&#8221;][et_pb_text admin_label=&#8221;Ajuda&#8221; module_class=&#8221;bg-gray p-2 br-6&#8243; _builder_version=&#8221;4.24.3&#8243; _module_preset=&#8221;default&#8221; global_colors_info=&#8221;{}&#8221;]<\/p>\n<h3><strong>Help<\/strong><\/h3>\n<p>Prior to contacting the <a href=\"https:\/\/balcaofundosue.pt\/LinhaDosFundos\" target=\"_blank\" rel=\"noopener\"><strong>Funding Line<\/strong><\/a>, kindly consult our <strong><a href=\"https:\/\/www.fami2030.gov.pt\/en\/help\/\" target=\"_blank\" rel=\"noopener\">Help<\/a> page<\/strong> to see if your question has already been addressed.<\/p>\n<p>[\/et_pb_text][\/et_pb_column][\/et_pb_row][\/et_pb_section]<\/p>\n","protected":false},"excerpt":{"rendered":"<p>Address AMIF 2030 ProgrammeCampus XXI, Avenida Jo\u00e3o XXI, n.\u00ba 631000-300 Lisboa &nbsp; Telefone (+351) 910 447 101 &nbsp; E-mail fami.geral@fami2030.gov.pt &nbsp; Contacto do EPD pro.dados@sg.pcm.gov.pt\u00a0 \u00a0 Funding Line Clarify your questions with the support of the Funding Line. &nbsp; Online Support Technical support for the Funding Portal and other platforms. Information on European funds. Information [&hellip;]<\/p>\n","protected":false},"author":1,"featured_media":0,"parent":0,"menu_order":0,"comment_status":"closed","ping_status":"closed","template":"","meta":{"_acf_changed":false,"_et_pb_use_builder":"on","_et_pb_old_content":"","_et_gb_content_width":"","_crosspost_to_3":false,"_crosspost_to_10":false,"_crosspost_to_13":false,"_crosspost_to_14":false,"_crosspost_to_15":false,"_crosspost_to_16":false,"_crosspost_to_17":false,"_crosspost_to_18":false,"_crosspost_to_19":false,"iawp_total_views":29,"footnotes":""},"class_list":["post-17984","page","type-page","status-publish","hentry"],"acf":[],"yoast_head":"<!-- This site is optimized with the Yoast SEO plugin v27.4 - https:\/\/yoast.com\/product\/yoast-seo-wordpress\/ -->\n<title>Contact - Programa FAMI \u2013 Fundo para o Asilo, a Migra\u00e7\u00e3o e a Integra\u00e7\u00e3o<\/title>\n<meta name=\"robots\" content=\"index, follow, max-snippet:-1, max-image-preview:large, max-video-preview:-1\" \/>\n<link rel=\"canonical\" href=\"https:\/\/www.fami2030.gov.pt\/en\/contact\/\" \/>\n<meta property=\"og:locale\" content=\"en_US\" \/>\n<meta property=\"og:type\" content=\"article\" \/>\n<meta property=\"og:title\" content=\"Contact - Programa FAMI \u2013 Fundo para o Asilo, a Migra\u00e7\u00e3o e a Integra\u00e7\u00e3o\" \/>\n<meta property=\"og:description\" content=\"Address AMIF 2030 ProgrammeCampus XXI, Avenida Jo\u00e3o XXI, n.\u00ba 631000-300 Lisboa &nbsp; Telefone (+351) 910 447 101 &nbsp; E-mail fami.geral@fami2030.gov.pt &nbsp; Contacto do EPD pro.dados@sg.pcm.gov.pt\u00a0 \u00a0 Funding Line Clarify your questions with the support of the Funding Line. &nbsp; Online Support Technical support for the Funding Portal and other platforms. Information on European funds. Information [&hellip;]\" \/>\n<meta property=\"og:url\" content=\"https:\/\/www.fami2030.gov.pt\/en\/contact\/\" \/>\n<meta property=\"og:site_name\" content=\"Programa FAMI \u2013 Fundo para o Asilo, a Migra\u00e7\u00e3o e a Integra\u00e7\u00e3o\" \/>\n<meta property=\"article:modified_time\" content=\"2025-08-01T11:51:02+00:00\" \/>\n<meta name=\"twitter:card\" content=\"summary_large_image\" \/>\n<meta name=\"twitter:label1\" content=\"Est. reading time\" \/>\n\t<meta name=\"twitter:data1\" content=\"1 minute\" \/>\n<script type=\"application\/ld+json\" class=\"yoast-schema-graph\">{\"@context\":\"https:\\\/\\\/schema.org\",\"@graph\":[{\"@type\":\"WebPage\",\"@id\":\"https:\\\/\\\/www.fami2030.gov.pt\\\/en\\\/contact\\\/\",\"url\":\"https:\\\/\\\/www.fami2030.gov.pt\\\/en\\\/contact\\\/\",\"name\":\"Contact - Programa FAMI \u2013 Fundo para o Asilo, a Migra\u00e7\u00e3o e a Integra\u00e7\u00e3o\",\"isPartOf\":{\"@id\":\"https:\\\/\\\/www.fami2030.gov.pt\\\/#website\"},\"datePublished\":\"2022-12-13T13:16:50+00:00\",\"dateModified\":\"2025-08-01T11:51:02+00:00\",\"breadcrumb\":{\"@id\":\"https:\\\/\\\/www.fami2030.gov.pt\\\/en\\\/contact\\\/#breadcrumb\"},\"inLanguage\":\"en-US\",\"potentialAction\":[{\"@type\":\"ReadAction\",\"target\":[\"https:\\\/\\\/www.fami2030.gov.pt\\\/en\\\/contact\\\/\"]}]},{\"@type\":\"BreadcrumbList\",\"@id\":\"https:\\\/\\\/www.fami2030.gov.pt\\\/en\\\/contact\\\/#breadcrumb\",\"itemListElement\":[{\"@type\":\"ListItem\",\"position\":1,\"name\":\"In\u00edcio\",\"item\":\"https:\\\/\\\/www.fami2030.gov.pt\\\/en\\\/\"},{\"@type\":\"ListItem\",\"position\":2,\"name\":\"Contact\"}]},{\"@type\":\"WebSite\",\"@id\":\"https:\\\/\\\/www.fami2030.gov.pt\\\/#website\",\"url\":\"https:\\\/\\\/www.fami2030.gov.pt\\\/\",\"name\":\"Programa FAMI \u2013 Fundo para o Asilo, a Migra\u00e7\u00e3o e a Integra\u00e7\u00e3o\",\"description\":\"\",\"potentialAction\":[{\"@type\":\"SearchAction\",\"target\":{\"@type\":\"EntryPoint\",\"urlTemplate\":\"https:\\\/\\\/www.fami2030.gov.pt\\\/?s={search_term_string}\"},\"query-input\":{\"@type\":\"PropertyValueSpecification\",\"valueRequired\":true,\"valueName\":\"search_term_string\"}}],\"inLanguage\":\"en-US\"}]}<\/script>\n<!-- \/ Yoast SEO plugin. -->","yoast_head_json":{"title":"Contact - Programa FAMI \u2013 Fundo para o Asilo, a Migra\u00e7\u00e3o e a Integra\u00e7\u00e3o","robots":{"index":"index","follow":"follow","max-snippet":"max-snippet:-1","max-image-preview":"max-image-preview:large","max-video-preview":"max-video-preview:-1"},"canonical":"https:\/\/www.fami2030.gov.pt\/en\/contact\/","og_locale":"en_US","og_type":"article","og_title":"Contact - Programa FAMI \u2013 Fundo para o Asilo, a Migra\u00e7\u00e3o e a Integra\u00e7\u00e3o","og_description":"Address AMIF 2030 ProgrammeCampus XXI, Avenida Jo\u00e3o XXI, n.\u00ba 631000-300 Lisboa &nbsp; Telefone (+351) 910 447 101 &nbsp; E-mail fami.geral@fami2030.gov.pt &nbsp; Contacto do EPD pro.dados@sg.pcm.gov.pt\u00a0 \u00a0 Funding Line Clarify your questions with the support of the Funding Line. &nbsp; Online Support Technical support for the Funding Portal and other platforms. Information on European funds. Information [&hellip;]","og_url":"https:\/\/www.fami2030.gov.pt\/en\/contact\/","og_site_name":"Programa FAMI \u2013 Fundo para o Asilo, a Migra\u00e7\u00e3o e a Integra\u00e7\u00e3o","article_modified_time":"2025-08-01T11:51:02+00:00","twitter_card":"summary_large_image","twitter_misc":{"Est. reading time":"1 minute"},"schema":{"@context":"https:\/\/schema.org","@graph":[{"@type":"WebPage","@id":"https:\/\/www.fami2030.gov.pt\/en\/contact\/","url":"https:\/\/www.fami2030.gov.pt\/en\/contact\/","name":"Contact - Programa FAMI \u2013 Fundo para o Asilo, a Migra\u00e7\u00e3o e a Integra\u00e7\u00e3o","isPartOf":{"@id":"https:\/\/www.fami2030.gov.pt\/#website"},"datePublished":"2022-12-13T13:16:50+00:00","dateModified":"2025-08-01T11:51:02+00:00","breadcrumb":{"@id":"https:\/\/www.fami2030.gov.pt\/en\/contact\/#breadcrumb"},"inLanguage":"en-US","potentialAction":[{"@type":"ReadAction","target":["https:\/\/www.fami2030.gov.pt\/en\/contact\/"]}]},{"@type":"BreadcrumbList","@id":"https:\/\/www.fami2030.gov.pt\/en\/contact\/#breadcrumb","itemListElement":[{"@type":"ListItem","position":1,"name":"In\u00edcio","item":"https:\/\/www.fami2030.gov.pt\/en\/"},{"@type":"ListItem","position":2,"name":"Contact"}]},{"@type":"WebSite","@id":"https:\/\/www.fami2030.gov.pt\/#website","url":"https:\/\/www.fami2030.gov.pt\/","name":"Programa FAMI \u2013 Fundo para o Asilo, a Migra\u00e7\u00e3o e a Integra\u00e7\u00e3o","description":"","potentialAction":[{"@type":"SearchAction","target":{"@type":"EntryPoint","urlTemplate":"https:\/\/www.fami2030.gov.pt\/?s={search_term_string}"},"query-input":{"@type":"PropertyValueSpecification","valueRequired":true,"valueName":"search_term_string"}}],"inLanguage":"en-US"}]}},"_links":{"self":[{"href":"https:\/\/www.fami2030.gov.pt\/en\/wp-json\/wp\/v2\/pages\/17984","targetHints":{"allow":["GET"]}}],"collection":[{"href":"https:\/\/www.fami2030.gov.pt\/en\/wp-json\/wp\/v2\/pages"}],"about":[{"href":"https:\/\/www.fami2030.gov.pt\/en\/wp-json\/wp\/v2\/types\/page"}],"author":[{"embeddable":true,"href":"https:\/\/www.fami2030.gov.pt\/en\/wp-json\/wp\/v2\/users\/1"}],"replies":[{"embeddable":true,"href":"https:\/\/www.fami2030.gov.pt\/en\/wp-json\/wp\/v2\/comments?post=17984"}],"version-history":[{"count":3,"href":"https:\/\/www.fami2030.gov.pt\/en\/wp-json\/wp\/v2\/pages\/17984\/revisions"}],"predecessor-version":[{"id":18108,"href":"https:\/\/www.fami2030.gov.pt\/en\/wp-json\/wp\/v2\/pages\/17984\/revisions\/18108"}],"wp:attachment":[{"href":"https:\/\/www.fami2030.gov.pt\/en\/wp-json\/wp\/v2\/media?parent=17984"}],"curies":[{"name":"wp","href":"https:\/\/api.w.org\/{rel}","templated":true}]}}

<p>[et_pb_section fb_built=&#8221;1&#8243; admin_label=&#8221;Header&#8221; module_class=&#8221;about-page&#8221; _builder_version=&#8221;4.19.4&#8243; _module_preset=&#8221;default&#8221; locked=&#8221;off&#8221; collapsed=&#8221;off&#8221; global_colors_info=&#8221;{}&#8221;][et_pb_row _builder_version=&#8221;4.19.4&#8243; _module_preset=&#8221;default&#8221; collapsed=&#8221;off&#8221; global_colors_info=&#8221;{}&#8221;][et_pb_column type=&#8221;4_4&#8243; _builder_version=&#8221;4.19.2&#8243; _module_preset=&#8221;default&#8221; global_colors_info=&#8221;{}&#8221;][et_pb_post_title meta=&#8221;off&#8221; featured_image=&#8221;off&#8221; _builder_version=&#8221;4.19.4&#8243; _module_preset=&#8221;default&#8221; hover_enabled=&#8221;0&#8243; global_colors_info=&#8221;{}&#8221; sticky_enabled=&#8221;0&#8243;][/et_pb_post_title][/et_pb_column][/et_pb_row][et_pb_row column_structure=&#8221;2_3,1_3&#8243; use_custom_gutter=&#8221;on&#8221; gutter_width=&#8221;2&#8243; make_equal=&#8221;on&#8221; _builder_version=&#8221;4.19.4&#8243; _module_preset=&#8221;default&#8221; locked=&#8221;off&#8221; collapsed=&#8221;off&#8221; global_colors_info=&#8221;{}&#8221;][et_pb_column type=&#8221;2_3&#8243; _builder_version=&#8221;4.19.4&#8243; _module_preset=&#8221;default&#8221; global_colors_info=&#8221;{}&#8221;][et_pb_text admin_label=&#8221;O que é&#8221; module_class=&#8221;bg-gray p-2 br-6&#8243; _builder_version=&#8221;4.27.4&#8243; _module_preset=&#8221;default&#8221; hover_enabled=&#8221;0&#8243; global_colors_info=&#8221;{}&#8221; sticky_enabled=&#8221;0&#8243;]</p>
<h3 class="h4"><strong>Address</strong></h3>
<p>AMIF 2030 Programme<br />Campus XXI, Avenida João XXI, n.º 63<br />1000-300 Lisboa</p>
<p>&nbsp;</p>
<h3 class="h4"><strong>Telefone</strong></h3>
<p>(+351) 910 447 101</p>
<p>&nbsp;</p>
<h3 class="h4"><strong>E-mail</strong></h3>
<p><a href="mailto:fami.geral@fami2030.gov.pt">fami.geral@fami2030.gov.pt</a></p>
<p>&nbsp;</p>
<h3 class="h4"><strong>Contacto do EPD</strong></h3>
<p><a href="mailto:pro.dados@sg.pcm.gov.pt">pro.dados@sg.pcm.gov.pt</a></p>
<p>[/et_pb_text][et_pb_text admin_label=&#8221;Linha dos Fundos&#8221; module_class=&#8221;bg-gray p-1 br-6&#8243; _builder_version=&#8221;4.27.4&#8243; _module_preset=&#8221;default&#8221; hover_enabled=&#8221;0&#8243; global_colors_info=&#8221;{}&#8221; sticky_enabled=&#8221;0&#8243;]</p>
<h2 class="h3"> </h2>
<h2 class="h3"> </h2>
<h2 class="h3"><strong>Funding Line</strong></h2>
<p>Clarify your questions with the support of the <a href="https://balcaofundosue.pt/LinhaDosFundos" target="_blank" rel="noopener">Funding Line</a>.</p>
<p>&nbsp;</p>
<h3 class="h4"><strong>Online Support</strong></h3>
<ul>
<li>Technical support for the Funding Portal and other platforms.</li>
<li>Information on European funds.</li>
<li>Information regarding the status of your operations.</li>
</ul>
<p><a href="https://suporte-lf.linhadosfundos.pt/s/fundos" target="_blank" rel="noopener">Submit a support request</a></p>
<p>&nbsp;</p>
<h3 class="h4"><strong>E-mail</strong></h3>
<p>Technical support for the Funding Portal and other platforms.</p>
<p><a href="mailto:linhadosfundos@linhadosfundos.pt">linhadosfundos@linhadosfundos.pt</a></p>
<p>&nbsp;</p>
<h3 class="h4"><strong>Video conference</strong></h3>
<p><a href="https://eportugal.gov.pt/servicos/fazer-o-registo-no-balcao-dos-fundos" target="_blank" rel="noopener">Assistance with registration on the Funding Portal</a></p>
<p><a href="https://eportugal.gov.pt/servicos/fazer-o-registo-no-balcao-dos-fundos" target="_blank" rel="noopener">Arrange a video conference</a></p>
<p>&nbsp;</p>
<h3 class="h4"><strong>Chat</strong></h3>
<ul>
<li>Assistance with registration on the Funding Portal.</li>
<li>Technical support for the Funding Portal and other platforms.</li>
</ul>
<p>On all <strong>working days</strong>, between <strong>9:00 a.m.</strong> and<strong> 6:00 p.m.</strong></p>
<p>To access the chat, please <a href="https://balcaofundosue.pt/LinhaDosFundos" target="_blank" rel="noopener">go to the Funding Line website</a>.</p>
<p>[/et_pb_text][/et_pb_column][et_pb_column type=&#8221;1_3&#8243; _builder_version=&#8221;4.19.4&#8243; _module_preset=&#8221;default&#8221; global_colors_info=&#8221;{}&#8221;][et_pb_text admin_label=&#8221;Ajuda&#8221; module_class=&#8221;bg-gray p-2 br-6&#8243; _builder_version=&#8221;4.24.3&#8243; _module_preset=&#8221;default&#8221; global_colors_info=&#8221;{}&#8221;]</p>
<h3><strong>Help</strong></h3>
<p>Prior to contacting the <a href="https://balcaofundosue.pt/LinhaDosFundos" target="_blank" rel="noopener"><strong>Funding Line</strong></a>, kindly consult our <strong><a href="https://www.fami2030.gov.pt/en/help/" target="_blank" rel="noopener">Help</a> page</strong> to see if your question has already been addressed.</p>
<p>[/et_pb_text][/et_pb_column][/et_pb_row][/et_pb_section]</p>

<p>Address AMIF 2030 ProgrammeCampus XXI, Avenida João XXI, n.º 631000-300 Lisboa &nbsp; Telefone (+351) 910 447 101 &nbsp; E-mail fami.geral@fami2030.gov.pt &nbsp; Contacto do EPD pro.dados@sg.pcm.gov.pt    Funding Line Clarify your questions with the support of the Funding Line. &nbsp; Online Support Technical support for the Funding Portal and other platforms. Information on European funds. Information [&hellip;]</p>

<!-- This site is optimized with the Yoast SEO plugin v27.4 - https://yoast.com/product/yoast-seo-wordpress/ -->
<title>Contact - Programa FAMI – Fundo para o Asilo, a Migração e a Integração</title>
<meta name="robots" content="index, follow, max-snippet:-1, max-image-preview:large, max-video-preview:-1" />
<link rel="canonical" href="https://www.fami2030.gov.pt/en/contact/" />
<meta property="og:locale" content="en_US" />
<meta property="og:type" content="article" />
<meta property="og:title" content="Contact - Programa FAMI – Fundo para o Asilo, a Migração e a Integração" />
<meta property="og:description" content="Address AMIF 2030 ProgrammeCampus XXI, Avenida João XXI, n.º 631000-300 Lisboa &nbsp; Telefone (+351) 910 447 101 &nbsp; E-mail fami.geral@fami2030.gov.pt &nbsp; Contacto do EPD pro.dados@sg.pcm.gov.pt    Funding Line Clarify your questions with the support of the Funding Line. &nbsp; Online Support Technical support for the Funding Portal and other platforms. Information on European funds. Information [&hellip;]" />
<meta property="og:url" content="https://www.fami2030.gov.pt/en/contact/" />
<meta property="og:site_name" content="Programa FAMI – Fundo para o Asilo, a Migração e a Integração" />
<meta property="article:modified_time" content="2025-08-01T11:51:02+00:00" />
<meta name="twitter:card" content="summary_large_image" />
<meta name="twitter:label1" content="Est. reading time" />
	<meta name="twitter:data1" content="1 minute" />
<script type="application/ld+json" class="yoast-schema-graph">{"@context":"https:\/\/schema.org","@graph":[{"@type":"WebPage","@id":"https:\/\/www.fami2030.gov.pt\/en\/contact\/","url":"https:\/\/www.fami2030.gov.pt\/en\/contact\/","name":"Contact - Programa FAMI – Fundo para o Asilo, a Migração e a Integração","isPartOf":{"@id":"https:\/\/www.fami2030.gov.pt\/#website"},"datePublished":"2022-12-13T13:16:50+00:00","dateModified":"2025-08-01T11:51:02+00:00","breadcrumb":{"@id":"https:\/\/www.fami2030.gov.pt\/en\/contact\/#breadcrumb"},"inLanguage":"en-US","potentialAction":[{"@type":"ReadAction","target":["https:\/\/www.fami2030.gov.pt\/en\/contact\/"]}]},{"@type":"BreadcrumbList","@id":"https:\/\/www.fami2030.gov.pt\/en\/contact\/#breadcrumb","itemListElement":[{"@type":"ListItem","position":1,"name":"Início","item":"https:\/\/www.fami2030.gov.pt\/en\/"},{"@type":"ListItem","position":2,"name":"Contact"}]},{"@type":"WebSite","@id":"https:\/\/www.fami2030.gov.pt\/#website","url":"https:\/\/www.fami2030.gov.pt\/","name":"Programa FAMI – Fundo para o Asilo, a Migração e a Integração","description":"","potentialAction":[{"@type":"SearchAction","target":{"@type":"EntryPoint","urlTemplate":"https:\/\/www.fami2030.gov.pt\/?s={search_term_string}"},"query-input":{"@type":"PropertyValueSpecification","valueRequired":true,"valueName":"search_term_string"}}],"inLanguage":"en-US"}]}</script>
<!-- / Yoast SEO plugin. -->

Contact - Programa FAMI – Fundo para o Asilo, a Migração e a Integração

Address AMIF 2030 ProgrammeCampus XXI, Avenida João XXI, n.º 631000-300 Lisboa &nbsp; Telefone (+351) 910 447 101 &nbsp; E-mail fami.geral@fami2030.gov.pt &nbsp; Contacto do EPD pro.dados@sg.pcm.gov.pt    Funding Line Clarify your questions with the support of the Funding Line. &nbsp; Online Support Technical support for the Funding Portal and other platforms. Information on European funds. Information [&hellip;]

Programa FAMI – Fundo para o Asilo, a Migração e a Integração

Início
